s the hundreds digit of 23797312?
3
What is the ten thousands digit of 2404262221?
6
What is the billions digit of 3736277482?
3
What is the hundred millions digit of 487309827?
4
What is the millions digit of 758428116?
8
What is the ten millions digit of 58260071?
5
What is the hundred thousands digit of 1209722898?
7
What is the hundreds digit of 1386332402?
4
What is the tens digit of 1740082734?
3
What is the tens digit of 6406755?
5
What is the ten millions digit of 260280596?
6
What is the hundred millions digit of 156660841?
1
What is the hundreds digit of 44715925?
9
What is the tens digit of 563760622?
2
What is the hundreds digit of 2618928144?
1
What is the units digit of 1702971031?
1
What is the hundred thousands digit of 66307795?
3
What is the millions digit of 34140719?
4
What is the tens digit of 121210872?
7
What is the thousands digit of 111905963?
5
What is the hundreds digit of 2778272754?
7
What is the thousands digit of 2582052249?
2
What is the ten thousands digit of 1429908199?
0
What is the tens digit of 117342699?
9
What is the millions digit of 70036099?
0
What is the hundreds digit of 73956868?
8
What is the units digit of 31924368?
8
What is the billions digit of 2094820041?
2
What is the tens digit of 1503724454?
5
What is the ten millions digit of 451454405?
5
What is the tens digit of 89486859?
5
What is the hundreds digit of 2551916477?
4
What is the ten millions digit of 521048580?
2
What is the tens digit of 3324004271?
7
What is the hundreds digit of 119672870?
8
What is the hundreds digit of 59408777?
7
What is the millions digit of 483697267?
3
What is the thousands digit of 208878022?
8
What is the hundred millions digit of 2789318647?
7
What is the hundreds digit of 272583627?
6
What is the units digit of 366644859?
9
What is the tens digit of 1670128784?
8
What is the millions digit of 1782068584?
2
What is the ten millions digit of 28824340?
2
What is the hundreds digit of 452504270?
2
What is the millions digit of 998996933?
8
What is the hundreds digit of 590957618?
6
What is the ten millions digit of 2570512750?
7
What is the ten millions digit of 1183591475?
8
What is the ten millions digit of 5081955284?
8
What is the hundred thousands digit of 98820154?
8
What is the hundreds digit of 473324076?
0
What is the ten thousands digit of 751500168?
0
What is the hundred thousands digit of 29606897?
6
What is the tens digit of 19715315?
1
What is the thousands digit of 6908568?
8
What is the hundred thousands digit of 4276639401?
6
What is the hundreds digit of 888746691?
6
What is the hundred thousands digit of 347729753?
7
What is the hundreds digit of 22476524?
5
What is the millions digit of 42153733?
2
What is the tens digit of 1157066384?
8
What is the tens digit of 3344597661?
6
What is the tens digit of 89525171?
7
What is the ten thousands digit of 340100058?
0
What is the units digit of 66092355?
5
What is the ten millions digit of 115597313?
1
What is the ten thousands digit of 6375072?
7
What is the millions digit of 44104617?
4
What is the ten thousands digit of 173275527?
7
What is the tens digit of 69774132?
3
What is the billions digit of 2626886694?
2
What is the tens digit of 155775756?
5
What is the hundred thousands digit of 276827264?
8
What is the millions digit of 3104384567?
4
What is the hundred millions digit of 1366048765?
3
What is the thousands digit of 1714169223?
9
What is the ten thousands digit of 3715236859?
3
What is the millions digit of 33083733?
3
What is the units digit of 3516708225?
5
What is the tens digit of 981378375?
7
What is the hundred thousands digit of 1725155183?
1
What is the thousands digit of 129705900?
5
What is the millions digit of 4876672888?
6
What is the units digit of 57073622?
2
What is the units digit of 104068488?
8
What is the hundreds digit of 657163988?
9
What is the hundreds digit of 335132485?
4
What is the hundreds digit of 51280949?
9
What is the tens digit of 1413236453?
5
What is the tens digit of 31153436?
3
What is the thousands digit of 424274854?
4
What is the ten millions digit of 25923529?
2
What is the millions digit of 247915319?
7
What is the thousands digit of 74143494?
3
What is the tens digit of 85085250?
5
What is the ten millions digit of 163955634?
6
What is the ten millions digit of 816702543?
1
What is the hundreds digit of 2098005?
0
What is the ten thousands digit of 74309642?
0
What is the hundred thousands digit of 1534489082?
4
What is the ten millions digit of 45686652?
4
What is the hundreds digit of 203927010?
0
What is the ten thousands digit of 12457340?
5
What is the ten thousands digit of 23331085?
3
What is the tens digit of 2411454508?
0
What is the ten millions digit of 48510709?
4
What is the thousands digit of 164853305?
3
What is the thousands digit of 27125738?
5
What is the tens digit of 78334285?
8
What is the units digit of 152242683?
3
What is the ten thousands digit of 2852881343?
8
What is the hundred millions digit of 172721674?
1
What is the hundred millions digit of 849247380?
8
What is the ten millions digit of 645046796?
4
What is the units digit of 58618408?
8
What is the hundred thousands digit of 651127314?
1
What is the millions digit of 826950297?
6
What is the millions digit of 16699604?
6
What is the ten thousands digit of 109978867?
7
What is the units digit of 30029717?
7
What is the ten millions digit of 384288338?
8
What is the tens digit of 473550470?
7
What is the hundred thousands digit of 320268574?
2
What is the thousands digit of 24091750?
1
What is the tens digit of 856354136?
3
What is the ten thousands digit of 88036899?
3
What is the millions digit of 131029308?
1
What is the ten millions digit of 174783492?
7
What is the tens digit of 63432653?
5
What is the hundred thousands digit of 80414349?
4
What is the tens digit of 4036034051?
5
What is the tens digit of 60819078?
7
What is the hundred millions digit of 247613092?
2
What is the thousands digit of 86144521?
4
What is the units digit of 181011660?
0
What is the hundred millions digit of 210026473?
2
What is the ten thousands digit of 26375838?
7
What is the ten millions digit of 87918220?
8
What is the tens digit of 651835582?
8
What is the units digit of 462776735?
5
What is the ten thousands digit of 106401751?
0
What is the tens digit of 48462964?
6
What is the thousands digit of 161219803?
9
What is the hundred thousands digit of 38455952?
4
What is the tens digit of 855809677?
7
What is the hundred millions digit of 815744068?
8
What is the thousands digit of 194564267?
4
What is the thousands digit of 134233636?
3
What is the hundred thousands digit of 4296458415?
4
What is the millions digit of 3337117?
3
What is the units digit of 1499707265?
5
What is the ten thousands digit of 110477051?
7
What is the hundred thousands digit of 1137332289?
3
What is the ten millions digit of 2447216780?
4
What is the hundred thousands digit of 90543472?
5
What is the thousands digit of 63352525?
2
What is the ten millions digit of 18731164?
1
What is the millions digit of 16649763?
6
What is the millions digit of 32012047?
2
What is the millions digit of 1130735168?
0
What is the hundred thousands digit of 414988684?
9
What is the thousands digit of 82556873?
6
What is the thousands digit of 565574191?
4
What is the units digit of 622360248?
8
What is the hundred millions digit of 1104745347?
1
What is the hundred thousands digit of 7765856286?
8
What is the ten millions digit of 3209140378?
0
What is the millions digit of 2382172340?
2
What is the millions digit of 326687286?
6
What is the thousands digit of 25128707?
8
What is the ten millions digit of 398160438?
9
What is the hundred thousands digit of 2183041882?
0
What is the tens digit of 44712234?
3
What is the tens digit of 979678862?
6
What is the tens digit of 51929678?
7
What is the thousands digit of 687132720?
2
What is the hundreds digit of 1577928745?
7
What is the hundred thousands digit of 167503973?
5
What is the hundreds digit of 12867393?
3
What is the units digit of 1808402380?
0
What is the units digit of 104004752?
2
What is the tens digit of 16753812?
1
What is the hundred millions digit of 3286314355?
2
What is the millions digit of 1